+ -1. Let g(d) = -t + d + 2 + 5. What is g(-4)?
-1
Let h be (-7)/(-3) - 5/15. Suppose -2*j + 3*u + 15 = 0, -5*j + 18 + 10 = h*u. Let v(t) = -t**2 + 7*t - 5. Give v(j).
1
Let u(n) = 1. Let b(c) = 7*c - 21. Let p(t) = b(t) + 21*u(t). What is p(-1)?
-7
Suppose 5*p - 4*p + 3 = 2*f, 2*p + 6 = 2*f. Let c(g) = g**2 + 4*g + 2. Give c(p).
-1
Let a(c) = c**3 + 6*c**2 - 8*c - 4. Let o = 57 + -64. Determine a(o).
3
Let f(x) be the second derivative of 7/12*x**4 + 0*x**3 - 6*x + 1/2*x**2 + 0. Calculate f(1).
8
Let s(w) = w**3 - 2*w**2 - 4*w. Let v(l) = -l**3 - l**2 + l + 1. Let a(t) = -s(t) - 2*v(t). Give a(-4).
-10
Let m(s) be the third derivative of -s**7/840 + s**6/90 - s**5/120 - s**4/24 - s**3/3 - s**2. Let f(x) be the first derivative of m(x). Determine f(4).
-5
Let r(h) = h - 4. Let b(p) = p**3 - 17*p**2 - 22*p + 12. Let d be b(18). Let t be (-6)/5*d/9. Determine r(t).
4
Let b(a) be the third derivative of -a**4/24 + 3*a**3/2 - 4*a**2. Determine b(7).
2
Let v be 2 + 2 + (0 - 2). Let r(u) = 3 + u**2 - 4*u**2 + v*u + 2*u**2. Calculate r(3).
0
Let m(a) = -2*a**2 - 2*a + 2. Let x = -151 + 147. Give m(x).
-22
Let n(a) = -a + 3. Let z(p) = 0 - 3 + p**2 + 5 + 5*p + 2*p. Let l be z(-6). Determine n(l).
7
Let v be 9/2*(1 + 1). Let p = v + 4. Suppose -2*o + 5 = 4*x - 5*x, 5*o - p = 3*x. Let u(s) = -s**3 + 2*s**2 - 2*s - 2. Calculate u(o).
-6
Let y(l) be the second derivative of -l**5/20 + l**4/3 - l**3/3 - l**2/2 + 14*l. What is y(2)?
3
Let t(f) = -f**3 + 7*f**2 - 1. Let u be (0 - 3)/((-3)/7). Give t(u).
-1
Suppose 3*i = i + 16. Suppose -3*f + 3*j = -3, -i*j - 2 = -4*f - 3*j. Let n(b) be the second derivative of b**4/12 - b**3/6 - 3*b**2/2 - b. Calculate n(f).
3
Let m = -3 - -1. Let j(i) be the third derivative of 0*i**5 - 1/120*i**6 + 1/6*i**4 - i**2 + 0*i + 1/2*i**3 + 0. What is j(m)?
3
Suppose 0 = 3*s + 22 - 55. Let u(q) = -7 + s*q + 1 - 8*q - 1. Suppose -6*l - 3*n + 2 = -5*l, 3*l = 3*n + 18. Give u(l).
8
Let o(j) = 4*j**2 + 3*j + 5. Let b(i) = 11*i**2 + 10*i + 15. Let m(d) = 3*b(d) - 8*o(d). Suppose 5 = z + 2, 0 = -2*p - z - 5. Calculate m(p).
-3
Let f(o) = o**3 + 7*o**2 - o - 3. Let l be f(-7). Suppose l*y + 3*p + 4 = -0*p, 3 = -3*y - 4*p. Let k(b) = -1 + b - 10*b - 5*b. Determine k(y).
13
Let p = -83 + 94. Let i(y) = y**3 - 11*y**2 + y - 14. Calculate i(p).
-3
Let l(n) = 4 - n**2 - 144*n - 16 + 133*n. Give l(-10).
-2
Let u = -9 - -6. Let q(h) be the first derivative of 0*h + 1 + 1/2*h**2. Calculate q(u).
-3
Let i = 3 - 1. Suppose s + i*s = 0. Suppose -3*z + 9 + 3 = s. Let b(d) = -d**3 + 5*d**2 - 4*d - 2. Determine b(z).
-2
Let f = 3 - 1. Let i(r) = -r - f*r**2 + 0 - r + r**3 + 2 + 0*r. Calculate i(2).
-2
Let n(t) = t - 2. Let o be n(5). Let f(k) = -o*k + k + 0*k. Calculate f(-2).
4
Let j = 6 + -4. Let n(k) = -4*k**3 + 2*k**2 + 7*k - 7. Let w(i) = -6*i**3 + 3*i**2 + 11*i - 11. Let q(h) = -8*n(h) + 5*w(h). Determine q(j).
11
Suppose -5*n = -4*n - 5. Suppose -5*b + 5*l - 5 = 0, -2*b + b = l - 3. Let s(p) = 2*p - 9. Let r(t) = 1. Let f(v) = b*s(v) + 3*r(v). Calculate f(n).
4
Let c = -10 - -6. Let j(g) = g + 4. What is j(c)?
0
Let k = 40 + -39. Let q(b) = -3*b. Give q(k).
-3
Let k(v) = -12*v + 15. Let l be k(2). Let z(m) = m + 10. What is z(l)?
1
Let r be 0/(1 + 4 + -2). Suppose r = -3*f + h + 4, -4*f + 3*h + 12 = -7*f. Let d(q) = -2*q**2 + f*q**2 - 3*q**3 + 2*q**3 + q. What is d(-2)?
-2
Let h = -6 - -10. Let i(q) = 1 - 1 + 2 - h - 2*q. Let g(a) = a**3 - 3*a**2 - 6*a + 4. Let t be g(4). Determine i(t).
6
Let u(y) = -3*y - 16. Let c be u(-6). Let v(f) be the first derivative of f**4/4 - 4*f**3/3 + f**2 - 1. What is v(c)?
-4
Let b(t) = -t**3 + 10*t**2 - 7*t - 11. Let z(a) = 10*a - 1. Let v be z(1). Give b(v).
7
Let w(m) = 3*m**2 + 9*m + 3. Let c(o) = -2*o**2 - 8*o - 2. Let l(j) = 4*c(j) + 3*w(j). Determine l(6).
7
Let f(i) = -4*i + 5*i - 24 + 46 - 17. What is f(4)?
9
Let w(c) = 0*c**3 - 5*c**3 + 4*c**3 - 2*c - 3*c**2. Give w(-2).
0
Suppose 2*l + 1 = 15. Suppose 25 = 2*a + 3*a. Let u = l - a. Let h(q) = q**3 - 2*q**2 - q - 2. Calculate h(u).
-4
Let b(t) = -t**3 + 2*t**2 + 8*t - 4. Let u(r) = -r**3 + r**2 + 7*r - 4. Let s(z) = 6*b(z) - 7*u(z). Determine s(-5).
9
Let d(t) = -t**3 - 3*t**2 + 4*t + 1. Let l = -20 - -16. What is d(l)?
1
Let j(f) be the second derivative of f**5/60 + f**4/24 + 3*f**3/2 + 3*f**2/2 - 5*f. Let q(n) be the first derivative of j(n). Determine q(0).
9
Let y(a) be the third derivative of a**5/60 - 2*a**3/3 - 3*a**2. Determine y(0).
-4
Let r(f) = f**2. Let p(x) = -3*x**2 + 5*x + 2. Let c(h) = -p(h) - 4*r(h). Let i = -49 - -34. Let u = 11 + i. Calculate c(u).
2
Let n(a) = a**2 - 4*a + 4. Let g = -28 + 33. Give n(g).
9
Let x(f) be the third derivative of -f**7/2520 - f**6/720 + f**5/24 + f**4/12 + 5*f**2. Let h(v) be the second derivative of x(v). Give h(-4).
-7
Suppose -9*z + 25 = -4*z. Let b(q) = -2*q + 5. Calculate b(z).
-5
Let t(p) = 26*p + 3. Let i = -19 - -14. Let n(h) = -13*h - 1. Let v(r) = i*n(r) - 2*t(r). What is v(1)?
12
Let w = -28 + 31. Let j(h) = 6*h - 3. Determine j(w).
15
Let g(d) be the first derivative of 1/24*d**4 + 0*d - 3/2*d**2 + 1/6*d**3 + 3. Let r(q) be the second derivative of g(q). Calculate r(-4).
-3
Let a(i) be the third derivative of -1/6*i**4 + 0*i**3 - 1/120*i**6 - 4*i**2 + 0*i + 0 - 1/10*i**5. What is a(-5)?
-5
Suppose 0 = u - 4*h - 0 + 9, 0 = 3*h - 3. Let y(d) = d - 4. Determine y(u).
-9
Let c(v) = -4*v**3 + 4*v**2 - 8*v + 12. Let f(i) = 3*i**3 - 5*i**2 + 8*i - 11. Suppose 0 = -2*h - 2*h + 12. Let m(p) = h*f(p) + 2*c(p). Give m(6).
3
Let s(v) = v - 3. Let c(g) = -15*g. Let k be c(1). Let z = k + 15. Give s(z).
-3
Let l(w) = -w**3 + 3*w**2 - 2. Let f be (-17 - -14)*(-2)/3. Give l(f).
2
Let s = -3 - -7. Let g(x) = -15*x - s + 0 + 12*x + 5. Determine g(-4).
13
Let b(l) be the first derivative of l**4/4 + l**3 + 5*l**2/2 + 4*l - 13. Calculate b(-3).
-11
Let d(q) = -817 - q + 7*q**2 + 809 - 4*q - q**3. Let z(s) = 2*s - 4. Let b be z(5). Calculate d(b).
-2
Let r(n) = 6 + 2 - 3*n**2 + 3*n + 4*n**2 - 2*n**2. Calculate r(6).
-10
Let p(k) be the second derivative of -k**4/12 + 2*k**3/3 + 2*k**2 - k. Let f = -96 - -101. What is p(f)?
-1
Suppose -j - 6 = -2*w - 4*j, 2*j = -w + 3. Let s(g) = 2 + 5 - 8*g + 6*g - w. What is s(5)?
-6
Let q = -8 + 11. Let b(m) = -2 - 5 + q - 4*m. Give b(-3).
8
Let z(l) = 4*l + 4. Let p(j) = -j. Let h(y) = -2*p(y) - z(y). Let i be h(-3). Let x(t) = 3*t + 1. Determine x(i).
7
Let s = -2 - 3. Let m(b) = -10*b + 1. Let d(l) = -19*l + 4. Let o(j) = -5*j + 1. Let x(t) = -2*d(t) + 9*o(t). Let f(w) = s*m(w) + 7*x(w). Give f(0).
2
Let h(q) = -q**3 + q + 1. Let u(y) = 4*y**3 - 3*y - 3. Let f(g) = 3*h(g) + u(g). Give f(0).
0
Let n(j) = -j. Let x(k) = -10*k + 2. Let w(y) = 8*n(y) - x(y). Determine w(4).
6
Let p(i) = 2*i. Let q be p(1). Let m(l) = 5 - q + l**2 - l + 8*l. Let o be m(-6). Let r(c) = -c**3 - 3*c**2 - c - 1. What is r(o)?
2
Let b(h) be the first derivative of h**4/4 + h**3/3 - 2*h**2 - 3*h - 1. Let x = -10 - -14. Suppose -x*p - 6 = -p. What is b(p)?
1
Let h(s) = -2*s**2 - 6*s + 7. Suppose -3*w + 12 = 0, 3*q + 2*q = -4*w + 46. Let k(r) = 3*r**2 - 4 - 1 - 3 + q*r. Let g(l) = -4*h(l) - 3*k(l). What is g(4)?
4
Let x(m) be the second derivative of m**5/60 - m**3/6 + m**2 - 2*m. Let y(l) be the first derivative of x(l). Suppose -2*r + 8 = 2*r. Determine y(r).
3
Let j(c) = c**3 - c**2 - 7*c - 4. Let u(l) = -l**3 + 2*l**2 + 7*l + 3. Let q(f) = -4*j(f) - 5*u(f). Calculate q(7).
1
Let j(b) be the third derivative of -b**4/6 + b**3/3 + 8*b**2. What is j(2)?
-6
Let i(a) = a**3 - 2*a**2 - 2*a**3 - 4 + 2*a**2 + a**2. Let z(t) be the third derivative of -t**5/60 + 7*t**4/24 - t**3 - 2*t**2. Let n be z(6). What is i(n)?
-4
Suppose 5*m - 2*h - 32 = -5*h, 0 = 2*m - h - 4. Let w(k) = 0*k - 1 - m*k + 3*k. Let a(y) = y**2 + y + 5. Let r be a(0). Determine w(r).
-6
Let u(d) = d**2 - 2*d + 2. Let c be u(2). Let y(z) = c + 0*z**2 - 4*z**2 + 4*z + z**3 - 3*z. What is y(3)?
-4
Let j be 1*2/(8/(-20)). Let a be (j/10)/(3/(-6)). Let d(i) = -i**2 - 2*i + 1. Calculate d(a).
-2
Let j(i) = -4*i**2 + 22*i - 27. Let g(h) = h**2 - 7*h + 9. Let c(a) = 7*g(a) + 2*j(a). Suppose -3*q - 20 - 11 = 4*d, 5*d - 4*q + 31 = 0. What is c(d)?
-5
Let d(v) = -5*v**2 + 6*v - 5. Let x(r) = -r**2 + r - 1. Let l(b) = d(b) - 6*x(b). What is l(-